b(a) = a**2 - 5*a - 36. Suppose 66 = 5*z + 4*x, -2*z + 0 = -3*x - 8. Let k be b(z). What is the greatest common factor of 35 and k?
7
Let s be (5/2 - -1)/(19/38). Calculate the greatest common factor of s and 28.
7
Let m(i) = -2*i**3 - 29*i**2 + 15*i - 35. Let t be m(-16). What is the highest common factor of 17 and t?
17
Let b = 157 + -105. Calculate the highest common factor of 182 and b.
26
Let y(c) = 2*c**3 + c - 1. Let m be y(1). Suppose -m*p + p + 10 = r, 5*r - 10 = 0. Suppose -4*z + p + 8 = 0. What is the greatest common factor of 28 and z?
4
Let a be -2 + 45/12 + (-11703)/(-332). Calculate the highest common divisor of a and 259.
37
Let o = 2 + 2. Suppose 144 = -0*b + o*b. What is the highest common divisor of b and 54?
18
Let f be 32/(-18) + (-4)/18. Let r be ((-6)/8)/(f/160). Calculate the greatest common factor of r and 12.
12
Let l = 5 - 6. Let g be (9/(-4))/(l/4). Suppose 5*c = 3*o + 1, 2*o + 9 = -3*c + 21. What is the greatest common divisor of g and o?
3
Suppose 4*v = p - 69, -174 = -16*p + 14*p - v. Let d be 246/15 + 3/5. Calculate the greatest common divisor of p and d.
17
Suppose 7*n = 3*n + 3*r - 15, 0 = 3*r - 15. Let x be (54/(-15) - n)/(6/(-15)). What is the highest common factor of x and 3?
3
Let f(n) = -n**3 + 4*n**2 + 10*n - 21. Let v be f(5). Suppose v*g = -5*k + 104 + 36, g + 3*k = 28. What is the greatest common factor of 10 and g?
10
Let g(p) = -p**3 + 10*p**2 + 4. Suppose -4*k = -49 + 9. Let j be g(k). Let b be 1 + j + -2 - -21. What is the highest common divisor of b and 216?
24
Suppose 4*q = -5*t + 110, 2*t + 86 - 102 = 4*q. What is the greatest common divisor of 45 and t?
9
Let a(l) = l**3 - 1. Let u(g) = 4*g**3 + 6*g**2 - 5*g - 7. Let k(q) = 5*a(q) - u(q). Let b be k(5). Calculate the highest common factor of b and 4.
2
Let z be 120/9*(-18)/(-5). Suppose -2*k - 2*f + z = 2*f, 92 = 3*k - 4*f. Let m = 60 - k. What is the highest common divisor of m and 160?
32
Let j(c) = -4*c + 1. Let p be j(-4). Let s be (-459)/(3*-1)*(-76)/(-228). What is the greatest common divisor of s and p?
17
Let o = -62 - -78. What is the greatest common factor of o and 208?
16
Let w = -11 - -11. Suppose -3*h = k - 22, w*k - 3*k - 2*h = -73. Suppose 2*v - v - 200 = 0. What is the greatest common divisor of v and k?
25
Let j(k) be the third derivative of -71*k**6/60 + k**4/8 + k**3/3 + k**2. Let t be j(-1). Calculate the greatest common factor of t and 94.
47
Suppose q + 15 = 2*q + 3*i, 2*q - 3*i + 6 = 0. Suppose 5*j - q*j - 56 = 0. Calculate the highest common divisor of j and 4.
4
Let w(o) = -o**2 + 10*o + 6. Let r be w(9). Calculate the highest common divisor of 375 and r.
15
Suppose -5*h + 104 = 34. Suppose -2*b + 5*t + h = 0, 7*b - t = 5*b + 14. Calculate the greatest common factor of b and 56.
7
Suppose 29*k = 1151 - 49. Suppose 2*g = 6*g - 380. Calculate the greatest common divisor of g and k.
19
Let b(v) = 45*v + 205. Let r be b(-4). What is the highest common factor of r and 675?
25
Let w = 7 + -2. Suppose -12 = -2*g - w*l, -3*l + l + 18 = 3*g. Let d = 9 + -3. What is the highest common factor of g and d?
6
Let b = -23 - -12. Let j = 13 + b. Suppose 4*i = 2*z - 44, -5*z + 91 - 5 = -j*i. What is the greatest common divisor of 8 and z?
8
Let l(j) = j**3 + 12*j**2 + 19*j - 1. Let u be l(-10). What is the highest common factor of 531 and u?
9
Let s = 7 - 7. Suppose s = -5*v + 6*v - 2. Let o = v + 1. Calculate the highest common divisor of o and 1.
1
Suppose 2*a + 1157 = 5*w, 230 = 71*w - 70*w + a. Calculate the highest common factor of w and 147.
21
Let l = 91 - 43. Suppose 4*t - t = l. Let b(p) = -p**3 - 5*p**2 + 4*p - 8. Let f be b(-6). What is the greatest common factor of t and f?
4
Suppose 2*p + q = 484, q + 9 = 13. Calculate the greatest common divisor of 30 and p.
30
Suppose 18 = 2*x - 34. Let f be 20/(-16)*13*-4. What is the highest common divisor of f and x?
13
Let v(m) = 5*m - 8. Suppose 0*i - i - 7 = -3*f, f + 3*i = 19. Let h be v(f). What is the highest common factor of h and 8?
4
Let g = 35 - 30. Suppose 0 = l - 0*o - 4*o - 39, -g*l + 5*o + 240 = 0. Calculate the greatest common divisor of 17 and l.
17
Let y be (9/12)/((-5181)/432 - -12). Calculate the highest common factor of 198 and y.
18
Suppose -8*m + 6*m = 3*x - 30, 5*m = -x - 3. Suppose -3*a = -3*r - 159, 3*r = 4*a + r - 218. Let h = 4 + a. What is the greatest common factor of h and x?
12
Let k = -2 + 5. Suppose 4*y - 4*s = -s + 134, k*s - 146 = -4*y. Suppose 10*i - y = 5*i. What is the greatest common factor of i and 7?
7
Let c be ((-6)/4)/((-21)/(-196))*-2. What is the highest common divisor of 378 and c?
14
Suppose -4*m - 3 - 5 = 0. Let u be (2 + (m - -2))*-5. Let q be (-6)/u + (-234)/(-10). Calculate the highest common divisor of q and 4.
4
Suppose y + 3*u = 8, 52 = 2*y + 2*u - 5*u. Suppose 5*z + 18 = -z. Let d be (-1)/(z + 0 - -4) + 51. Calculate the greatest common divisor of d and y.
10
Suppose l - w = -7, -2*w - 3*w - 55 = 4*l. Let d be ((-1)/(-2))/(8/64). Let x be d/l - (-1060)/25. What is the highest common divisor of x and 28?
14
Let f(q) = 3*q**2 + 16*q + 7. Let z be f(-5). Let a(s) = 18*s**2 - s - 4. Let c be a(z). Calculate the greatest common divisor of c and 6.
6
Let a be 10/2 - (3 - 9 - 0). What is the highest common factor of a and 187?
11
Suppose a - 4*s = -26, 240 = -2*a - 3*a - 2*s. Let w = 58 + a. Suppose -r = 3*r - 336. What is the highest common divisor of r and w?
12
Suppose 3*x = 3*y + 30, x + x - 15 = y. Suppose -2*a = x*h + 40, a = h - 4*a + 8. Let j = -6 - h. Calculate the greatest common divisor of 6 and j.
2
Let d be 1*(-1)/2*-6. Suppose 0 = -d*p - 111 + 687. Suppose -5*a = -2*y + p, -4*y + 96 = -3*y + 2*a. What is the greatest common factor of y and 12?
12
Let k = 586 - 531. Calculate the greatest common factor of 5 and k.
5
Let i be (27/6)/((-30)/(-80)). Calculate the highest common divisor of i and 8.
4
Let c = 636 - 116. Calculate the greatest common divisor of c and 208.
104
Let q be (37/(-74))/((-1)/26). What is the highest common factor of q and 403?
13
Suppose -365*a + 366*a - 70 = 0. What is the greatest common factor of a and 455?
35
Let j be ((-21)/14)/((-6)/8). Suppose -j*m - 3*m + 280 = 0. Calculate the highest common divisor of m and 8.
8
Let k(v) = -v**3 + 5*v**2 + 3*v + 1. Let i(j) = j + j + 1 - 3*j. Let u be i(-4). Let r be k(u). What is the highest common factor of r and 2?
2
Let z(h) = -h**3 + 14*h**2 - 33*h - 4. Let l be z(9). Calculate the greatest common divisor of 494 and l.
26
Let c be 3 - (0 + -3)/(-3). Suppose c*y = w, -2*w - 4*y + 48 = 2*w. Let d be 0 - (-1014)/51 - 24/(-204). What is the greatest common factor of w and d?
4
Suppose 3*k = x - 16, 4*x = 3*k + 37 + 27. Let q = x - 2. What is the highest common factor of q and 56?
14
Let o be 6/(-15) + 4/10. Suppose -5*p + 605 = -o*p. Let z(t) = 2*t**3 - 22*t**2 - 7*t - 193. Let h be z(12). What is the greatest common divisor of h and p?
11
Let y = -58 + 61. Suppose f - 192 = -y*z, 2*z - 192 = -z - 2*f. What is the highest common divisor of z and 8?
8
Let i(c) = 15*c - 9. Let f be i(4). Suppose 3*s = 4*l + 35 + 61, -5*s - 2*l + 134 = 0. Let u = -11 + s. Calculate the highest common factor of f and u.
17
Let r = -901 + 1522. What is the greatest common divisor of 27 and r?
27
Let d = -768 - -772. Let w(q) = q**2 + 3*q + 4. Let p be w(-3). Calculate the highest common divisor of d and p.
4
Suppose p = -3*f + 43, 4*p + 0*f + f = 205. Suppose -208 - p = -4*u. Calculate the highest common factor of u and 26.
13
Let c(y) = -y**2 - 14*y - 11. Let v be c(-13). Suppose -x = -44 - v. Calculate the greatest common divisor of x and 23.
23
Let w(n) = n**3 + n**2 - n + 3. Let b be w(2). Let d = 3 + 10. Calculate the highest common factor of d and b.
13
Suppose -8*p + 0*p = 0. Suppose -5*s + 2 = 22, p = 3*c + 5*s + 14. What is the greatest common divisor of 14 and c?
2
Suppose -30*z - 11*z = 27*z - 3264. Let m(s) = -s**2 + 64. Let l be m(0). Calculate the highest common factor of z and l.
16
Suppose 6 = -2*u + 26. Let q = u + 9. What is the highest common factor of 133 and q?
19
Suppose 3*r - 873 - 702 = 0. What is the highest common factor of r and 225?
75
Let h(c) = -10*c**2 - 19*c + 21. Let a(n) = -5*n**2 - 9*n + 10. Let t(g) = -13*a(g) + 6*h(g). Let s be t(-3). Calcu